f 870601271.
311, 2799361
List the prime factors of 249660132.
2, 3, 20805011
List the prime factors of 138333170.
2, 5, 59, 234463
List the prime factors of 1703604591.
3, 13, 2017, 7219
List the prime factors of 33373846.
2, 11, 479, 3167
What are the prime factors of 343455262?
2, 31, 5539601
What are the prime factors of 518797481?
518797481
List the prime factors of 12420415.
5, 7, 354869
List the prime factors of 90889478.
2, 45444739
List the prime factors of 77863592.
2, 41, 277, 857
List the prime factors of 132941962.
2, 37, 71, 25303
What are the prime factors of 589181975?
5, 479, 49201
List the prime factors of 62392506.
2, 3, 11, 945341
What are the prime factors of 22576762?
2, 13, 868337
List the prime factors of 1551386968.
2, 193923371
What are the prime factors of 1280610642?
2, 3, 213435107
List the prime factors of 11119178.
2, 7, 83, 1367
List the prime factors of 82679313.
3, 17, 1621163
What are the prime factors of 2197172149?
2197172149
List the prime factors of 2156768519.
97, 4639, 4793
What are the prime factors of 428301659?
428301659
List the prime factors of 3156110337.
3, 1052036779
What are the prime factors of 222355612?
2, 79, 703657
What are the prime factors of 165827?
139, 1193
What are the prime factors of 480524222?
2, 240262111
What are the prime factors of 649163534?
2, 10429, 31123
List the prime factors of 2981445710.
2, 5, 89, 3349939
What are the prime factors of 180270450?
2, 3, 5, 400601
What are the prime factors of 183062248?
2, 22882781
What are the prime factors of 3672068607?
3, 136002541
List the prime factors of 45688871.
593, 77047
List the prime factors of 2364523406.
2, 7, 37, 463, 9859
What are the prime factors of 197446528?
2, 1542551
List the prime factors of 126214238.
2, 1097, 57527
What are the prime factors of 265558653?
3, 29506517
List the prime factors of 513096108.
2, 3, 7, 17, 359311
What are the prime factors of 287466944?
2, 4491671
What are the prime factors of 485521353?
3, 53946817
What are the prime factors of 890949809?
43, 20719763
List the prime factors of 251047160.
2, 5, 7, 13, 17, 4057
List the prime factors of 7527487377.
3, 83, 30230873
What are the prime factors of 90945553?
90945553
What are the prime factors of 137032016?
2, 11, 37, 1913
What are the prime factors of 1798034720?
2, 5, 31, 229, 1583
What are the prime factors of 227514601?
71, 907, 3533
What are the prime factors of 4198933614?
2, 3, 19, 1231, 29921
What are the prime factors of 649754046?
2, 3, 83, 434909
List the prime factors of 37597582.
2, 11, 1708981
List the prime factors of 2005399907.
7, 11689, 24509
List the prime factors of 20596789.
20596789
What are the prime factors of 1683235?
5, 43, 7829
What are the prime factors of 5803880349?
3, 113, 457, 37463
List the prime factors of 2144387378.
2, 7, 17, 9010031
List the prime factors of 869914682.
2, 7, 13, 29, 43, 3833
List the prime factors of 436500307.
436500307
What are the prime factors of 22989593?
11, 17, 122939
What are the prime factors of 2353127542?
2, 19, 61924409
List the prime factors of 370341791.
23, 700079
List the prime factors of 832392184.
2, 13, 47, 170293
List the prime factors of 415607637.
3, 139, 149, 6689
What are the prime factors of 3558195912?
2, 3, 47, 3154429
What are the prime factors of 51193026?
2, 3, 948019
What are the prime factors of 489326014?
2, 103, 1303, 1823
What are the prime factors of 9087974?
2, 7, 649141
What are the prime factors of 5522977258?
2, 23, 1753, 68491
List the prime factors of 273865995.
3, 5, 13, 29, 5381
List the prime factors of 159221245.
5, 41, 739, 1051
What are the prime factors of 29142119?
67, 434957
List the prime factors of 412386698.
2, 206193349
List the prime factors of 270337211.
270337211
What are the prime factors of 19908700?
2, 5, 7, 17, 239
What are the prime factors of 13398806?
2, 877, 7639
List the prime factors of 32966242.
2, 887, 18583
What are the prime factors of 185978351?
13, 17, 367, 2293
List the prime factors of 2189422864.
2, 31, 4414159
What are the prime factors of 1263645947?
491, 2573617
What are the prime factors of 2306900685?
3, 5, 153793379
List the prime factors of 368668387.
29, 12712703
List the prime factors of 2958937355.
5, 11, 19, 383, 7393
List the prime factors of 452702154.
2, 3, 75450359
List the prime factors of 1873512.
2, 3, 26021
What are the prime factors of 342251068?
2, 79, 1083073
List the prime factors of 3561734921.
1237, 1259, 2287
What are the prime factors of 126017180?
2, 5, 29, 217271
List the prime factors of 7538201515.
5, 13, 83, 1397257
List the prime factors of 13930481.
13930481
List the prime factors of 2947964325.
3, 5, 39306191
What are the prime factors of 63553344?
2, 3, 17, 19471
What are the prime factors of 344440352?
2, 1069, 10069
What are the prime factors of 1368511761?
3, 593, 769259
List the prime factors of 624172136.
2, 7, 17, 655643
What are the prime factors of 404811048?
2, 3, 727, 23201
List the prime factors of 149523198.
2, 3, 11, 19, 119237
List the prime factors of 1715365781.
1715365781
What are the prime factors of 505750532?
2, 7, 163, 110813
List the prime factors of 319776037.
7, 45682291
List the prime factors of 3306686930.
2, 5, 330668693
What are the prime factors of 3452458611?
3, 7, 67, 50077
List the prime factors of 52784576.
2, 13, 63443
List the prime factors of 63047664.
2, 3, 367, 1193
List the prime factors of 294165480.
2, 3, 5, 7, 47, 7451
List the prime factors of 325277863.
325277863
List the prime factors of 36665858.
2, 19, 137, 7043
List the prime factors of 163434365.
5, 37, 883429
What are the prime factors of 85862699?
13, 17, 388519
What are the prime factors of 2961901242?
2, 3, 373, 16339
List the prime factors of 1259309208.
2, 3, 19, 37, 101, 739
List the prime factors of 2073453667.
97, 21375811
What are the prime factors of 23501058?
2, 3, 7, 559549
List the prime factors of 29401327.
3359, 8753
What are the prime factors of 102546334?
2, 11, 83, 89, 631
List the prime factors of 2106579184.
2, 131661199
What are the prime factors of 209084764?
2, 7, 47, 22697
What are the prime factors of 81708549?
3, 13, 431, 4861
What are the prime factors of 90566704?
2, 41, 138059
List the prime factors of 1602771196.
2, 13, 3347, 9209
List the prime factors of 302961304.
2, 1439, 26317
What are the prime factors of 1296087329?
23, 67, 841069
List the prime factors of 804451457.
31, 3433, 7559
List the prime factors of 59859879.
3, 19953293
What are the prime factors of 182428035?
3, 5, 12161869
List the prime factors of 340042539.
3, 2969, 38177
What are the prime factors of 786884156?
2, 83, 103, 23011
What are the prime factors of 999111?
3, 37, 9001
List the prime factors of 68510611.
13, 1663, 3169
What are the prime factors of 43155665?
5, 7, 1233019
List the prime factors of 60369250.
2, 5, 23, 10499
What are the prime factors of 541649236?
2, 31, 4368139
What are the prime factors of 1558430971?
29, 53738999
List the prime factors of 866316752.
2, 7, 7734971
List the prime factors of 11012921.
661, 16661
List the prime factors of 4560038166.
2, 3, 2203, 344987
List the prime factors of 21527312.
2, 1345457
List the prime factors of 1449626414.
2, 17, 42636071
What are the prime factors of 608651834?
2, 7, 1597, 3889
What are the prime factors of 265286168?
2, 7, 4737253
List the prime factors of 5869197116.
2, 607, 2417297
List the prime factors of 171523898.
2, 7, 13, 942439
List the prime factors of 3743951797.
3743951797
What are the prime factors of 215271343?
7, 5231, 5879
List the prime factors of 1617384810.
2, 3, 5, 29, 41, 45343
List the prime factors of 84537576.
2, 3, 139, 8447
List the prime factors of 11830509.
3, 41, 10687
What are the prime factors of 1207523861?
1297, 931013
What are the prime factors of 342785210?
2, 5, 1667, 20563
What are the prime factors of 48656417?
48656417
List the prime factors of 114027754.
2, 5101, 11177
What are the prime factors of 408179361?
3, 136059787
What are the prime factors of 3101604469?
3101604469
List the prime factors of 5651732048.
2, 29, 79, 154183
What are the prime factors of 44376595?
5, 8875319
What are the prime factors of 468220112?
2, 29263757
What are the prime factors of 19